
What are the prime factors of 633?
3, 211
What are the prime factors of 51610?
2, 5, 13, 397
List the prime factors of 8866.
2, 11, 13, 31
List the prime factors of 673.
673
What are the prime factors of 465?
3, 5, 31
What are the prime factors of 1383?
3, 461
What are the prime factors of 171?
3, 19
List the prime factors of 58309.
58309
What are the prime factors of 10034?
2, 29, 173
List the prime factors of 1248.
2, 3, 13
List the prime factors of 8162.
2, 7, 11, 53
What are the prime factors of 13327?
13327
What are the prime factors of 711?
3, 79
What are the prime factors of 1418?
2, 709
List the prime factors of 582.
2, 3, 97
What are the prime factors of 486?
2, 3
What are the prime factors of 23551?
11, 2141
What are the prime factors of 162133?
73, 2221
List the prime factors of 1143.
3, 127
List the prime factors of 421.
421
List the prime factors of 309.
3, 103
What are the prime factors of 35?
5, 7
List the prime factors of 21977.
21977
What are the prime factors of 171536?
2, 71, 151
What are the prime factors of 22968?
2, 3, 11, 29
What are the prime factors of 1058?
2, 23
What are the prime factors of 94693?
94693
What are the prime factors of 3009?
3, 17, 59
What are the prime factors of 5857?
5857
List the prime factors of 22531.
22531
What are the prime factors of 4828?
2, 17, 71
What are the prime factors of 16795?
5, 3359
List the prime factors of 7341.
3, 2447
List the prime factors of 2095.
5, 419
What are the prime factors of 703?
19, 37
List the prime factors of 966.
2, 3, 7, 23
What are the prime factors of 17982?
2, 3, 37
What are the prime factors of 42470?
2, 5, 31, 137
List the prime factors of 40501.
101, 401
List the prime factors of 11370.
2, 3, 5, 379
What are the prime factors of 10278?
2, 3, 571
List the prime factors of 70201.
70201
What are the prime factors of 6374?
2, 3187
List the prime factors of 842.
2, 421
List the prime factors of 6422.
2, 13, 19
What are the prime factors of 23147?
79, 293
List the prime factors of 5112.
2, 3, 71
List the prime factors of 12998.
2, 67, 97
List the prime factors of 994.
2, 7, 71
What are the prime factors of 1642?
2, 821
What are the prime factors of 36021?
3, 12007
What are the prime factors of 14527?
73, 199
What are the prime factors of 9925?
5, 397
List the prime factors of 191982.
2, 3, 7, 653
List the prime factors of 20546.
2, 10273
List the prime factors of 10861.
10861
List the prime factors of 10258.
2, 23, 223
What are the prime factors of 2597?
7, 53
List the prime factors of 10530.
2, 3, 5, 13
What are the prime factors of 2707?
2707
What are the prime factors of 3861?
3, 11, 13
What are the prime factors of 1647?
3, 61
What are the prime factors of 1991?
11, 181
List the prime factors of 388.
2, 97
List the prime factors of 49570.
2, 5, 4957
What are the prime factors of 89?
89
What are the prime factors of 93179?
93179
List the prime factors of 3874.
2, 13, 149
List the prime factors of 35557.
31, 37
List the prime factors of 6988.
2, 1747
List the prime factors of 24459.
3, 31, 263
What are the prime factors of 17460?
2, 3, 5, 97
List the prime factors of 1263.
3, 421
What are the prime factors of 5304?
2, 3, 13, 17
What are the prime factors of 12512?
2, 17, 23
What are the prime factors of 4629?
3, 1543
List the prime factors of 501.
3, 167
What are the prime factors of 49440?
2, 3, 5, 103
What are the prime factors of 81?
3
List the prime factors of 83495.
5, 16699
What are the prime factors of 102611?
102611
List the prime factors of 3210.
2, 3, 5, 107
List the prime factors of 42657.
3, 59, 241
List the prime factors of 3101.
7, 443
List the prime factors of 11848.
2, 1481
What are the prime factors of 1548?
2, 3, 43
What are the prime factors of 4343?
43, 101
List the prime factors of 2022.
2, 3, 337
List the prime factors of 894.
2, 3, 149
List the prime factors of 8330.
2, 5, 7, 17
List the prime factors of 27293.
7, 557
What are the prime factors of 3212?
2, 11, 73
What are the prime factors of 561?
3, 11, 17
What are the prime factors of 1104?
2, 3, 23
List the prime factors of 92421.
3, 7, 163
List the prime factors of 3643.
3643
List the prime factors of 784.
2, 7
List the prime factors of 11904.
2, 3, 31
What are the prime factors of 217?
7, 31
What are the prime factors of 22818?
2, 3, 3803
List the prime factors of 65034.
2, 3, 3613
What are the prime factors of 827?
827
What are the prime factors of 1042?
2, 521
What are the prime factors of 15579?
3, 577
List the prime factors of 7740.
2, 3, 5, 43
What are the prime factors of 1352?
2, 13
What are the prime factors of 5520?
2, 3, 5, 23
List the prime factors of 1006.
2, 503
What are the prime factors of 110571?
3, 36857
List the prime factors of 2666.
2, 31, 43
What are the prime factors of 1686?
2, 3, 281
List the prime factors of 1794.
2, 3, 13, 23
What are the prime factors of 48608?
2, 7, 31
List the prime factors of 13849.
11, 1259
List the prime factors of 11410.
2, 5, 7, 163
List the prime factors of 120218.
2, 7, 31, 277
List the prime factors of 4241.
4241
What are the prime factors of 32719?
32719
List the prime factors of 27558.
2, 3, 1531
What are the prime factors of 49596?
2, 3, 4133
What are the prime factors of 31949?
43, 743
List the prime factors of 10990.
2, 5, 7, 157
List the prime factors of 1912.
2, 239
What are the prime factors of 5437?
5437
What are the prime factors of 7807?
37, 211
What are the prime factors of 19113?
3, 23, 277
What are the prime factors of 33088?
2, 11, 47
List the prime factors of 7120.
2, 5, 89
List the prime factors of 16995.
3, 5, 11, 103
What are the prime factors of 2778?
2, 3, 463
What are the prime factors of 5340?
2, 3, 5, 89
What are the prime factors of 647?
647
List the prime factors of 26237.
26237
List the prime factors of 7277.
19, 383
What are the prime factors of 153568?
2, 4799
What are the prime factors of 82486?
2, 41243
List the prime factors of 5933.
17, 349
What are the prime factors of 1514?
2, 757
List the prime factors of 1769.
29, 61
List the prime factors of 978.
2, 3, 163
List the prime factors of 774.
2, 3, 43
List the prime factors of 2669.
17, 157
List the prime factors of 1343.
17, 79
List the prime factors of 4898.
2, 31, 79
List the prime factors of 1970.
2, 5, 197
List the prime factors of 12934.
2, 29, 223
What are the prime factors of 5255?
5, 1051
What are the prime factors of 13393?
59, 227
List the prime factors of 23559.
3, 7853
List the prime factors of 58650.
2, 3, 5, 17, 23
List the prime factors of 71826.
2, 3, 11971
What are the prime factors of 44710?
2, 5, 17, 263
What are the prime factors of 1504?
2, 47
What are the prime factors of 4107?
3, 37
List the prime factors of 4321.
29, 149
What are the prime factors of 3579?
3, 1193
List the prime factors of 15067.
13, 19, 61
List the prime factors of 2218.
2, 1109
List the prime factors of 1020.
2, 3, 5, 17
List the prime factors of 55927.
55927
What are the prime factors of 22077?
3, 11, 223
What are the prime factors of 1432?
2, 179
List the prime factors of 5964.
2, 3, 7, 71
List the prime factors of 1319.
1319
List the prime factors of 1169.
7, 167
What are the prime factors of 386?
2, 193
List the prime factors of 477.
3, 53
List the prime factors of 3249.
3, 19
What are the prime factors of 73114?
2, 139, 263
List the prime factors of 2199.
3, 733
What are the prime factors of 49017?
3, 16339
What are the prime factors of 14243?
14243
List the prime factors of 848.
2, 53
List the prime factors of 3550.
2, 5, 71
List the prime factors of 25237.
25237
List the prime factors of 109079.
19, 5741
What are the prime factors of 1000?
2, 5
List the prime factors of 488.
2, 61
List the prime factors of 31244.
2, 73, 107
List the prime factors of 150862.
2, 75431
What are the prime factors of 68658?
2, 3, 11443
List the prime factors of 13804.
2, 7, 17, 29
What are the prime factors of 5614?
2, 7, 401
What are the prime factors of 64704?
2, 3, 337
What are the prime factors of 96465?
3, 5, 59, 109
What are the prime factors of 1445?
5, 17
What are the prime factors of 55397?
31, 1787
What are the prime factors of 17922?
2, 3, 29, 103
What are the prime factors of 24276?
2, 3, 7, 17
What are the prime factors of 53804?
2, 13451
List the prim